Let d(w) = w**3 - 35*w**2 - 117*w + 2887. What is d(36)?
-29
Let l(p) = -16*p**3 + 97*p**2 - 514*p + 3. What is l(0)?
3
Let d(y) = -29188*y - 263179. Give d(-9).
-487
Let n(u) = u**3 - 73*u**2 - 51*u + 3419. What is n(73)?
-304
Let h(n) = -n**3 - 19*n**2 - 56*n + 57. Give h(-15).
-3
Let r(b) = 6*b**2 - 601*b + 2854. What is r(5)?
-1
Let n(m) = -15516*m - 46538. What is n(-3)?
10
Let j(n) = n**3 + 71*n**2 + 278*n + 209. Give j(-67).
-461
Let z(b) = -4757*b + 4733. Give z(1).
-24
Let n(w) = -1569*w + 441005. Determine n(281).
116
Let a(l) = -l**2 + 202*l - 878. Give a(182).
2762
Let v(n) = n**3 - 1305*n**2 + 3778*n + 166658. Determine v(1302).
2
Let j(k) = -k**2 - 9058*k - 3305939. What is j(-381)?
-2
Let x(u) = -4*u**3 - 60*u**2 + 177*u - 24. Calculate x(3).
-141
Let a(s) = s**2 - 88*s + 1932. Give a(22).
480
Let s(w) = 2756*w - 396838. Determine s(144).
26
Let p(v) = 4*v**2 - 2578*v + 359473. Determine p(204).
25
Let y(a) = 4270*a**2 + 17367*a - 4. Calculate y(-4).
-1152
Let x(a) = -144*a - 789. Calculate x(-6).
75
Let m(p) = -2*p**3 + 548*p**2 + 1107*p + 12. Give m(-2).
6
Let y(h) = -1687*h + 595418. Determine y(353).
-93
Let a(t) = -65*t**3 + 454*t**2 + 26*t - 132. Give a(5).
3223
Let o(r) = r**3 - r**2 + 346*r - 2173. Give o(6).
83
Let d(f) = -15*f**3 - 681*f + 2739. Give d(4).
-945
Let s(q) = -q**2 + 1538*q - 346356. What is s(274)?
-20
Let p(i) = 340*i**2 + 41128*i - 1443. Give p(-121).
9
Let z(p) = -5*p**2 + 462*p - 6553. Give z(15).
-748
Let q(b) = -4*b**2 - 5648*b - 44927. What is q(-8)?
1
Let c(x) = x**2 + 7*x - 7801. What is c(85)?
19
Let o(y) = 2*y**3 + 37*y**2 + 78*y + 1705. What is o(-19)?
-138
Let d(i) = -36*i**3 - 15*i**2 + 22*i + 198. Calculate d(5).
-4567
Let d(q) = -40864*q - 6579100. Give d(-161).
4
Let d(c) = 2*c**2 + 43*c - 272. Calculate d(20).
1388
Let q(k) = 10894*k + 479341. Give q(-44).
5
Let x(z) = -31*z**3 + 60*z**2 + 8*z + 1. What is x(2)?
9
Let r(o) = 42*o**2 - 81282*o + 566915. Give r(7).
-1
Let v(p) = -9*p**2 - 195*p - 1114. Determine v(-12).
-70
Let l(q) = -q**3 - 6*q + 1744. What is l(0)?
1744
Let k(p) = 199*p**2 + 1464*p - 8. Determine k(-7).
-505
Let j(q) = 197*q + 74346. What is j(-377)?
77
Let y(m) = -1287*m**3 + 16*m**2 + 18*m + 3. Determine y(-1).
1288
Let a(v) = -v**3 - 159*v**2 - 10*v - 1683. Calculate a(-159).
-93
Let s(n) = n**3 + n**2 - 4162*n - 19. Calculate s(-65).
111
Let w(t) = -71*t - 4259. What is w(-81)?
1492
Let j(s) = 3*s**3 + 110*s**2 + 752*s + 733. Give j(-28).
61
Let k(p) = -p**2 + 198*p - 7573. Determine k(58).
547
Let s(y) = -4*y**2 + 102*y - 15. Calculate s(10).
605
Let h(d) = d**2 - 296*d - 868. Determine h(-3).
29
Let a(x) = -24514*x - 147399. Calculate a(-6).
-315
Let c(u) = -14*u**2 + 139*u - 521. Give c(0).
-521
Let q(m) = -3829*m + 178. Calculate q(0).
178
Let l(j) = -36*j**2 + 558*j + 22. What is l(16)?
-266
Let f(d) = -11588*d - 139053. Determine f(-12).
3
Let y(s) = -s**3 - 75*s**2 - 599*s - 20. Give y(-66).
310
Let h(k) = -3*k**2 - 76*k - 530. What is h(-16)?
-82
Let w(f) = 8*f**3 + 550*f**2 - 137*f + 366. Give w(-69).
297
Let o(v) = 11*v**3 + v**2 + 21*v + 83. Calculate o(-3).
-268
Let r(j) = -11688*j + 55. Calculate r(0).
55
Let l(d) = -5*d**3 - 239*d**2 - 179*d + 173. Calculate l(-47).
-250
Let c(u) = -2*u**2 - 6746*u + 54093. Determine c(8).
-3
Let x(r) = -r**2 - 109*r - 2681. Give x(-22).
-767
Let g(j) = -81*j - 4205. What is g(-51)?
-74
Let i(h) = -14*h**2 - 634*h + 3553. Determine i(5).
33
Let h(s) = s**3 + 84*s**2 + 313*s - 274. What is h(-80)?
286
Let j(c) = -c**2 + 12915*c - 758499. What is j(59)?
5
Let y(u) = -8*u**3 + 9*u**2 + 7982*u + 55928. Determine y(-7).
3239
Let n(b) = -1767*b - 15692. Determine n(-9).
211
Let s(z) = z**2 - 703*z + 74050. What is s(129)?
4
Let g(a) = 2*a**2 - 92*a + 1083. Determine g(17).
97
Let r(x) = -x**2 + 47*x + 780. Calculate r(66).
-474
Let k(x) = x**2 + 729*x + 130798. What is k(-405)?
-422
Let m(w) = 720*w + 82089. Calculate m(-114).
9
Let r(f) = -287*f - 6877. Determine r(-25).
298
Let s(q) = -3*q**3 - 1342*q**2 - 590*q - 63958. Determine s(-447).
-37
Let n(d) = 421*d + 3034. Determine n(-16).
-3702
Let i(n) = 1135*n + 1141. Give i(-1).
6
Let z(a) = 8*a**2 + 1689*a + 3353. Determine z(-2).
7
Let j(t) = -1283*t + 4963. Calculate j(4).
-169
Let c(v) = v**3 + 14*v**2 + 401*v + 7677. Give c(-17).
-7
Let u(x) = 15*x**2 - 1454*x - 1576. Give u(98).
-8
Let a(v) = -v**2 + 94*v + 12350. Give a(-74).
-82
Let i(n) = 18*n**2 - 3639*n - 26358. Give i(-7).
-3
Let m(x) = -2*x**3 + 102*x**2 + 2265*x + 3214. Give m(68).
18
Let n(a) = 294*a - 19675. Calculate n(67).
23
Let t(p) = -102472*p + 7. Calculate t(0).
7
Let s(u) = -4*u**3 - 796*u**2 - 1715*u - 27385. Give s(-197).
-2
Let s(p) = 945*p - 20672. Calculate s(22).
118
Let u(q) = 2*q**3 + 7212*q**2 - 36062*q - 2. Determine u(5).
238
Let m(i) = 2*i**3 + 422*i**2 + 1227*i - 4403. Give m(-208).
-35
Let n(h) = -4*h**3 - 129*h**2 - 294*h + 8. Give n(-30).
728
Let h(a) = 6*a + 419. Determine h(-32).
227
Let l(a) = -219*a + 774. What is l(6)?
-540
Let a(u) = -17*u**3 + 234*u**2 - 124*u + 2539. Give a(14).
19
Let h(d) = 27421*d + 109689. What is h(-4)?
5
Let y(g) = 10*g**2 - 4453*g - 107715. Calculate y(-23).
-6
Let v(q) = 17186*q - 1048336. What is v(61)?
10
Let l(n) = 3*n**3 + 84*n**2 - 247*n - 36. Determine l(-31).
-1028
Let p(c) = -3*c**3 - 81*c**2 - 86*c + 116. Give p(-26).
324
Let g(d) = d**3 - 138*d**2 - 696*d + 77464. Give g(139).
41
Let v(i) = 2*i**3 - 269*i**2 + 4606*i - 518. Determine v(20).
2
Let n(g) = 74*g**3 - g**2 - 164*g - 165. Determine n(-1).
-76
Let t(u) = -u**3 - 12*u**2 + 45*u - 62. Calculate t(3).
-62
Let i(y) = 74055*y + 888653. Determine i(-12).
-7
Let r(l) = l**3 + 179*l**2 - 1865*l + 4687. Determine r(-189).
-38
Let d(o) = 1394*o - 7394. What is d(6)?
970
Let k(u) = -10*u**3 - 331*u**2 - 375*u + 170. Determine k(-32).
906
Let x(g) = 969035*g - 32. Calculate x(0).
-32
Let o(i) = i**3 + 60*i**2 + 702*i - 975. Calculate o(-43).
272
Let n(o) = 731*o - 2947. Give n(3).
-754
Let k(s) = 88*s + 2030. Determine k(-24).
-82
Let b(k) = 583*k**2 + 2738*k + 30. What is b(-4)?
-1594
Let t(x) = -10*x**2 + 39*x + 71. What is t(16)?
-1865
Let k(g) = -g**3 + 8*g**2 - 292*g + 2672. Give k(9).
-37
Let t(f) = 2*f**2 - 171*f - 6694. Determine t(124).
2854
Let i(m) = -96*m**3 + 139*m**2 - 142*m - 1. Calculate i(1).
-100
Let i(j) = 1149*j - 117207. Determine i(102).
-9
Let n(y) = 2*y**3 - 78*y**2 + 180*y + 565. Determine n(36).
-731
Let w(x) = -x**3 - 11*x**2 + 194*x + 86. What is w(10)?
-74
Let l(c) = -544*c + 5141. Give l(9).
245
Let w(o) = -3760468*o + 11281403. Give w(3).
-1
Let w(f) = f**2 + 17983*f - 107932. What is w(6)?
2
Let k(d) = -d**3 + 12*d**2 + 1977*d - 33612. Give k(18).
30
Let g(u) = -3*u**3 + 227*u**2 + 54*u + 2096. Determine g(76).
424
Let u(f) = -f**3 + 38*f**2 - 139*f - 2212. What is u(31)?
206
Let i(b) = -109*b**2 - 6*b + 4. Calculate i(0).
4
Let b(i) = 143*i - 579. Determine b(7).
422
Let i(m) = -1764*m - 215126. What is i(-122)?
82
Let z(n) = 3413*n - 13673. Determine z(4).
-21
Let m(h) = -h**2 - 30555*h - 854770. Determine m(-28).
-14
Let g(t) = t**3 + 93*t**2 + 131*t + 3652. Calculate g(-92).
64
Let t(y) = -5452*y - 306. What is t(-1)?
5146
Let l(m) = 2*m**2 + 14*m + 462. Give l(38).
3882
Let d(w) = w**2 - 42*w + 58. Calculate d(11).
-283
Let u(t) = 2*t**3 - 47*t**2 + 12*t + 2544. Give u(20).
-16
Let d(i) = -i**2 - 746*i + 228178. What is d(233)?
71
Let t(i) = -6*i**2 - 1061*i - 28367. What is t(-144)?
1
Let d(h) = 5*h**2 + 1202*h + 37450. Determine d(-37).
-179
Let v(o) = -305*o - 1566. What is v(-5)?
-41
Let c(t) = -948*t + 1. Calculate c(1).
-947
Let i(a) = 1652*a - 5034. Give i(3).
-78
Let c(n) = -n**3 - 5*n**2 + 868*n + 280. Determine c(27).
388
Let r(w) = w**3 + 144*w**2 + 142*w - 40. Give r(-143).
103
Let o(n) = 4*n**2 + 1518*n + 21178. Give o(-365).
8
Let z(t) = 2*t**2 - 4426*t - 193868. Give z(-43).
148
Let j(v) = 4359*v**2 + 100239*v - 356. What is j(-23)?
58
Let s(t) = -t**2 + 61*t + 3599. What is s(98)?
-27
Let s(z) = -2*z**3 - 257*z**2 - 624*z + 729. Determine s(-126).
-27
Let q(x) = -x**3 - 32*x**2 - 130*x - 3360. Determine q(-31).
-291
Let k(a) = 7*a**3 - 92*a**2 + 1408*a - 10333. Calculate k(9).
-10
Let b(j) = -j**3 + 62*j**2 - 671*j + 77. Determine b(48)